List the prime factors of 17934.
2, 3, 7, 61
What are the prime factors of 35021?
7, 5003
List the prime factors of 16804.
2, 4201
What are the prime factors of 5119?
5119
List the prime factors of 153.
3, 17
What are the prime factors of 5216?
2, 163
What are the prime factors of 167789?
19, 8831
What are the prime factors of 47737?
47737
What are the prime factors of 28990?
2, 5, 13, 223
What are the prime factors of 1341?
3, 149
What are the prime factors of 9978?
2, 3, 1663
What are the prime factors of 136?
2, 17
What are the prime factors of 2172?
2, 3, 181
List the prime factors of 10496.
2, 41
List the prime factors of 43969.
43969
What are the prime factors of 2880?
2, 3, 5
What are the prime factors of 24013?
11, 37, 59
What are the prime factors of 10900?
2, 5, 109
What are the prime factors of 32195?
5, 47, 137
List the prime factors of 114390.
2, 3, 5, 31, 41
What are the prime factors of 39679?
39679
What are the prime factors of 104295?
3, 5, 17, 409
List the prime factors of 7614.
2, 3, 47
What are the prime factors of 115?
5, 23
What are the prime factors of 2023?
7, 17
What are the prime factors of 115802?
2, 57901
List the prime factors of 290.
2, 5, 29
What are the prime factors of 12693?
3, 4231
List the prime factors of 2540.
2, 5, 127
List the prime factors of 48318.
2, 3, 8053
List the prime factors of 2117.
29, 73
What are the prime factors of 25814?
2, 12907
What are the prime factors of 2499?
3, 7, 17
What are the prime factors of 865?
5, 173
What are the prime factors of 1630?
2, 5, 163
What are the prime factors of 6288?
2, 3, 131
List the prime factors of 4542.
2, 3, 757
What are the prime factors of 19116?
2, 3, 59
List the prime factors of 27584.
2, 431
List the prime factors of 71.
71
What are the prime factors of 57?
3, 19
List the prime factors of 871.
13, 67
What are the prime factors of 61136?
2, 3821
List the prime factors of 8603.
7, 1229
List the prime factors of 652.
2, 163
List the prime factors of 28116.
2, 3, 11, 71
What are the prime factors of 16?
2
What are the prime factors of 55085?
5, 23, 479
What are the prime factors of 680?
2, 5, 17
What are the prime factors of 847?
7, 11
What are the prime factors of 14801?
19, 41
List the prime factors of 12948.
2, 3, 13, 83
List the prime factors of 524.
2, 131
What are the prime factors of 2811?
3, 937
What are the prime factors of 1166?
2, 11, 53
List the prime factors of 8369.
8369
List the prime factors of 698.
2, 349
What are the prime factors of 3340?
2, 5, 167
List the prime factors of 2152.
2, 269
What are the prime factors of 46637?
149, 313
What are the prime factors of 10284?
2, 3, 857
List the prime factors of 24412.
2, 17, 359
What are the prime factors of 1257?
3, 419
List the prime factors of 19934.
2, 9967
List the prime factors of 10302.
2, 3, 17, 101
What are the prime factors of 3088?
2, 193
What are the prime factors of 115474?
2, 57737
List the prime factors of 417.
3, 139
List the prime factors of 6668.
2, 1667
What are the prime factors of 44936?
2, 41, 137
What are the prime factors of 32844?
2, 3, 7, 17, 23
What are the prime factors of 70863?
3, 13, 23, 79
What are the prime factors of 23105?
5, 4621
List the prime factors of 4634.
2, 7, 331
What are the prime factors of 10908?
2, 3, 101
List the prime factors of 851.
23, 37
What are the prime factors of 7250?
2, 5, 29
What are the prime factors of 455?
5, 7, 13
List the prime factors of 348.
2, 3, 29
What are the prime factors of 2049?
3, 683
List the prime factors of 289.
17
What are the prime factors of 5156?
2, 1289
List the prime factors of 25278.
2, 3, 11, 383
What are the prime factors of 7157?
17, 421
What are the prime factors of 1195?
5, 239
List the prime factors of 3866.
2, 1933
List the prime factors of 11998.
2, 7, 857
What are the prime factors of 38168?
2, 13, 367
What are the prime factors of 1097?
1097
What are the prime factors of 3634?
2, 23, 79
What are the prime factors of 15036?
2, 3, 7, 179
List the prime factors of 412.
2, 103
What are the prime factors of 43413?
3, 29, 499
List the prime factors of 7131.
3, 2377
List the prime factors of 58668.
2, 3, 4889
What are the prime factors of 13306?
2, 6653
List the prime factors of 3085.
5, 617
What are the prime factors of 1397?
11, 127
List the prime factors of 40995.
3, 5, 911
List the prime factors of 301.
7, 43
What are the prime factors of 47135?
5, 11, 857
List the prime factors of 33595.
5, 6719
List the prime factors of 1598.
2, 17, 47
What are the prime factors of 4006?
2, 2003
What are the prime factors of 8327?
11, 757
What are the prime factors of 14798?
2, 7, 151
List the prime factors of 41087.
181, 227
What are the prime factors of 4839?
3, 1613
What are the prime factors of 3142?
2, 1571
What are the prime factors of 765?
3, 5, 17
List the prime factors of 3277.
29, 113
List the prime factors of 6613.
17, 389
What are the prime factors of 29601?
3, 11, 13, 23
List the prime factors of 3905.
5, 11, 71
List the prime factors of 7584.
2, 3, 79
What are the prime factors of 3262?
2, 7, 233
List the prime factors of 18857.
109, 173
List the prime factors of 1367.
1367
List the prime factors of 13069.
7, 1867
What are the prime factors of 4299?
3, 1433
List the prime factors of 4261.
4261
What are the prime factors of 41039?
41039
What are the prime factors of 1439?
1439
List the prime factors of 48185.
5, 23, 419
What are the prime factors of 2700?
2, 3, 5
List the prime factors of 2536.
2, 317
What are the prime factors of 719?
719
List the prime factors of 161.
7, 23
What are the prime factors of 38764?
2, 11, 881
What are the prime factors of 7906?
2, 59, 67
What are the prime factors of 637?
7, 13
List the prime factors of 2831.
19, 149
List the prime factors of 69759.
3, 23, 337
What are the prime factors of 25499?
43, 593
List the prime factors of 16400.
2, 5, 41
List the prime factors of 258.
2, 3, 43
List the prime factors of 56606.
2, 11, 31, 83
What are the prime factors of 3466?
2, 1733
What are the prime factors of 47208?
2, 3, 7, 281
What are the prime factors of 46635?
3, 5, 3109
List the prime factors of 9887.
9887
List the prime factors of 209.
11, 19
What are the prime factors of 4028?
2, 19, 53
List the prime factors of 8550.
2, 3, 5, 19
List the prime factors of 5384.
2, 673
List the prime factors of 89415.
3, 5, 1987
What are the prime factors of 15883?
7, 2269
List the prime factors of 21252.
2, 3, 7, 11, 23
What are the prime factors of 15394?
2, 43, 179
List the prime factors of 99833.
99833
What are the prime factors of 1001?
7, 11, 13
What are the prime factors of 13262?
2, 19, 349
List the prime factors of 305.
5, 61
What are the prime factors of 67977?
3, 7, 13, 83
What are the prime factors of 8311?
8311
List the prime factors of 9839.
9839
List the prime factors of 13228.
2, 3307
What are the prime factors of 2329?
17, 137
What are the prime factors of 4510?
2, 5, 11, 41
List the prime factors of 170156.
2, 7, 59, 103
List the prime factors of 1885.
5, 13, 29
List the prime factors of 5972.
2, 1493
What are the prime factors of 4332?
2, 3, 19
What are the prime factors of 2?
2
List the prime factors of 32652.
2, 3, 907
List the prime factors of 8363.
8363
What are the prime factors of 70419?
3, 23473
What are the prime factors of 20094?
2, 3, 17, 197
List the prime factors of 2190.
2, 3, 5, 73
What are the prime factors of 13004?
2, 3251
What are the prime factors of 9476?
2, 23, 103
List the prime factors of 10852.
2, 2713
What are the prime factors of 17967?
3, 53, 113
What are the prime factors of 5208?
2, 3, 7, 31
List the prime factors of 9940.
2, 5, 7, 71
List the prime factors of 10992.
2, 3, 229
What are the prime factors of 3308?
2, 827
What are the prime factors of 2488?
2, 311
What are the prime factors of 1864?
2, 233
What are the prime factors of 348?
2, 3, 29
List the prime factors of 4124.
2, 1031
What are the prime factors of 8017?
8017
List the prime factors of 1467.
3, 163
List the prime factors of 40038.
2, 3, 6673
What are the prime factors of 1642?
2, 821
List the prime factors of 25358.
2, 31, 409
What are the prime factors of 1928?
2, 241
List the prime factors of 134452.
2, 33613
What are the prime factors of 38296?
2, 4787
List the prime fa